82
Convert -1097 (base 11) to base 8.
-2635
What is 11101011010 (base 2) in base 12?
110a
What is -bb4d4a (base 14) in base 15?
-857220
What is -1394960 (base 13) in base 10?
-6208124
34415254 (base 6) to base 15
15e12d
-111003101 (base 4) to base 6
-1503105
Convert -1220042 (base 5) to base 7.
-124325
What is -1520413 (base 6) in base 13?
-3124b
-64653145 (base 7) to base 6
-314234244
What is -74812 (base 11) in base 8?
-324370
Convert -12020100001 (base 3) to base 5.
-11244113
Convert -11a280 (base 16) to base 3.
-2011201100011
-23577 (base 9) to base 13
-7252
What is -37626 (base 10) in base 14?
-d9d8
-124423010 (base 6) to base 12
-9a7a66
330a28 (base 14) to base 11
a82349
What is 2400020 (base 5) in base 12?
213a8
-1000110110111001011000 (base 2) to base 6
-121434012
-475275 (base 8) to base 4
-213222331
15022064 (base 7) to base 8
5320152
Convert 1014963 (base 10) to base 3.
1220120021020
229252 (base 13) to base 7
6653224
Convert -2347843 (base 10) to base 4.
-20331031003
-14415202 (base 6) to base 9
-842022
What is 22657 (base 11) in base 2?
111111111011100
Convert -1420200210 (base 5) to base 4.
-32001333210
Convert 5cbee (base 15) to base 7.
2342630
Convert 47e33 (base 15) to base 10.
229323
What is -783256 (base 9) in base 11?
-29a875
What is -52051 (base 7) in base 6?
-134531
10422305 (base 6) to base 13
b0006
Convert -22212010112 (base 3) to base 12.
-84a72
Convert 12021302330 (base 4) to base 12.
659538
Convert 5741 (base 16) to base 14.
81d7
What is -3201112 (base 8) in base 9?
-1538432
Convert -2200102122211 (base 3) to base 16.
-15c10c
What is 422aa7 (base 12) in base 14?
1d195d
-215426 (base 9) to base 5
-13104102
471269 (base 12) to base 3
2011001022200
Convert -8853a (base 15) to base 10.
-433180
Convert 945a91 (base 15) to base 3.
111021111012101
Convert 27429 (base 14) to base 11.
66856
What is 41a901 (base 12) in base 2?
11111100100110010001
What is -10133033 (base 5) in base 11?
-57826
What is -8168651 (base 10) in base 5?
-4042344101
-2545521 (base 7) to base 15
-680ac
2451 (base 15) to base 3
101121011
-12323001321 (base 4) to base 6
-102521053
Convert 96b59 (base 15) to base 16.
74ce2
Convert -307335 (base 8) to base 16.
-18edd
Convert 1020333311 (base 4) to base 10.
298997
Convert 1020000011202 (base 3) to base 9.
1200152
What is 161104104 (base 7) in base 11?
613578a
Convert 100131010121 (base 4) to base 10.
4313369
What is 21b7b12 (base 13) in base 10?
10356335
-43527 (base 11) to base 9
-105612
What is 10101110000100101 (base 2) in base 11?
60a63
Convert 202211120 (base 4) to base 5.
14013111
What is 132211322 (base 4) in base 2?
11110100101111010
3425451 (base 8) to base 11
5846aa
1703 (base 11) to base 14
b1b
Convert -7015774 (base 8) to base 11.
-1049062
Convert -2150244 (base 6) to base 5.
-11421133
-52300603 (base 7) to base 8
-20631023
-b39299 (base 12) to base 16
-2af555
What is -143216 (base 8) in base 13?
-1a1a0
Convert bdd1c3 (base 14) to base 7.
105560033
-187331 (base 16) to base 15
-219b88
What is -100a68 (base 12) in base 9?
-421368
Convert -771a6 (base 15) to base 5.
-44102011
What is 111212002011 (base 3) in base 14?
7154c
Convert a85707 (base 13) to base 12.
13a7b61
What is -256155 (base 10) in base 14?
-694cb
Convert -4797d (base 14) to base 15.
-36b9c
Convert -1106514 (base 7) to base 3.
-20221121120
-80408 (base 12) to base 16
-28a48
What is 30707 (base 8) in base 4?
3013013
What is -351533214 (base 6) in base 14?
-c1d386
-17294a9 (base 12) to base 9
-10003463
What is 10010010000100110 (base 2) in base 14?
1d382
What is 10192945 (base 10) in base 3?
201011212002111
-235811 (base 16) to base 8
-10654021
What is -337a00 (base 11) in base 12?
-21b143
What is 1026cd (base 14) in base 8?
2047635
-37990 (base 16) to base 12
-ab954
What is 2101230131 (base 4) in base 15?
bbc45
73bb3 (base 13) to base 11
132737
What is 757560 (base 9) in base 7?
3560640
-352454200 (base 6) to base 3
-110100210211200
What is 395209 (base 10) in base 2?
1100000011111001001
What is 4274b (base 15) in base 16?
337d0
Convert 254552660 (base 7) to base 16.
f76bbf
Convert 5136 (base 7) to base 15.
7e6
21245731 (base 9) to base 8
47053511
What is -934ac (base 16) in base 14?
-119c16
What is 713176 (base 8) in base 11?
150729
What is -251666 (base 9) in base 7?
-1202445
What is 110100011001001010 (base 2) in base 10?
214602
Convert 102001112002 (base 3) to base 15.
44732
11324241342 (base 5) to base 3
220200110222201
336013 (base 7) to base 10
59692
Convert -54459 (base 13) to base 3.
-21201222100
673a45 (base 12) to base 16
191915
Convert 5be04 (base 16) to base 15.
76784
Convert 8456a5 (base 13) to base 16.
2f4092
What is 122abb (base 12) in base 15?
5c798
What is 326e24 (base 16) in base 5?
1321224441
What is -6429a8 (base 11) in base 14?
-1cac95
-1011010010101100110 (base 2) to base 13
-cc563
What is 11101111100110000 (base 2) in base 7?
1020434
Convert 123906 (base 11) to base 8.
575535
Convert 32beab (base 15) to base 2.
1001001110110001100011
What is 61664204 (base 7) in base 2?
10011101111100101001101
What is 111748 (base 10) in base 9?
180254
What is -31310435 (base 6) in base 10?
-911255
Convert -212030023 (base 5) to base 10.
-892513
-203342 (base 6) to base 11
-112aa
1495d5d (base 14) to base 8
46237057
Convert -29996 (base 12) to base 16.
-e442
What is -157773 (base 9) in base 2?
-10111110100110110
What is -bb7c6 (base 15) in base 4?
-2101130301
515463 (base 11) to base 10
827104
Convert -1443412121 (base 5) to base 7.
-45023322
-12111118 (base 9) to base 3
-102010101010122
Convert 11202011202 (base 3) to base 13.
336b9
Convert -462838 (base 11) to base 10.
-735721
Convert 3231013 (base 7) to base 15.
7bb97
Convert 3213301302 (base 4) to base 14.
1a9d98
Convert 760507 (base 9) to base 4.
1232220001
What is 34888b (base 13) in base 3?
2100100210100
What is -14234542 (base 7) in base 11?
-833234
What is 10443625 (base 8) in base 11?
12a4958
Convert 173067 (base 11) to base 2.
1000001010101010100
21201001133 (base 4) to base 9
4621802
Convert 3112e0 (base 16) to base 15.
437db6
Convert -1011110001101101 (base 2) to base 9.
-73146
315746 (base 8) to base 11
72250
Convert 3422453 (base 7) to base 4.
1213332221
Convert 3220147 (base 10) to base 3.
20001121012201
What is -312300431 (base 5) in base 6?
-43355353
Convert -130c60 (base 15) to base 11.
-574806
What is -32315406 (base 7) in base 14?
-51c106
Convert -446452 (base 9) to base 8.
-1011661
Convert 27441113 (base 8) to base 5.
3040133410
Convert 102201211010 (base 3) to base 8.
703061
What is -3621056 (base 7) in base 6?
-13500515
What is -2321051 (base 9) in base 4?
-10302020212
What is -1327012 (base 8) in base 16?
-5ae0a
What is 13ff23 (base 16) in base 10?
1310499
435c (base 16) to base 13
7b06
What is -12200112321 (base 4) in base 11?
-a65325
-43b65 (base 12) to base 4
-111322331
What is 1030887 (base 9) in base 10?
551851
226411 (base 8) to base 12
38721
What is 474ab (base 13) in base 11?
8a002
1000001000111110000100 (base 2) to base 7
24065155
5624202 (base 7) to base 9
1268763
2a3ec4 (base 15) to base 6
111405151
320100221012 (base 4) to base 8
70205106
Convert 121010032 (base 5) to base 14.
109326
Convert 10fc7 (base 16) to base 9.
115385
1a94a (base 16) to base 12
5300a
-809018 (base 10) to base 2
-11000101100000111010
Convert 33723 (base 9) to base 11.
15967
28b130 (base 12) to base 13
1ab9b6
Convert 208887 (base 11) to base 16.
517f5
-20201002202 (base 3) to base 9
-221082
Convert 23a0b4 (base 15) to base 3.
10012121012021
130010 (base 6) to base 16
2d96
230423141 (base 5) to base 16
fb6a4
17111551 (base 9) to base 7
132561655
Convert 1135367 (base 10) to base 3.
2010200102122
What is -a978 (base 14) in base 4?
-13021332
Convert -1000000100101101 (base 2) to base 11.
-22933
Convert -15033344 (base 6) to base 10.
-517888
What is -200152 (base 8) in base 10?
-65642
What is 12440033402 (base 5) in base 7?
246111011
Convert 212883 (base 11) to base 3.
122022000210
Convert -3641302 (base 7) to base 8.
-1612015
What is 213510 (base 9) in base 5?
13033020
Convert 10212201012101 (base 3) to base 12.
834884
-d6539 (base 14) to base 15
-a3253
3b66724 (base 12) to base 11
6750826
Convert -31b082 (base 12) to base 4.
-2333332202
Convert -10061482 (base 10) to